 + 5 + 0 + -1)?
-69
Calculate -23 + 1 - (99 + 129 + -144).
-106
What is the value of 10 - -36 - (-33 - -98)?
-19
What is the value of (-7 + 2 - (78 - 92)) + 8?
17
-171 - -21 - (-5 + 1 + (1 - 1))
-146
What is -2 + 2 + -14 - (-3444 - -3458 - (-1 + -25))?
-54
Evaluate -131 - (-49 + -142 + 12).
48
What is the value of (2 - 1) + (-99 - (3 - (15 - 20 - -4)))?
-102
Calculate (-2 + -9 - -1) + -113 + -1 + (709 - 686).
-101
Evaluate 4 + (5 - -1) + 90 + -179 + 4.
-75
What is the value of 39 + -27 + (8 - 11) + (-1 - 7) - 1?
0
Calculate (175 - (281 + -120)) + (3 - 3) + 2 + -35.
-19
What is the value of 162 + -198 - (-1 + 1 + (-3 - 3))?
-30
What is 180 + -84 + -24 + 36?
108
What is -151 + 65 + 154 + 1 + -2 + -8?
59
What is -60 - -22 - -28 - (1 + (-6 + 1 - -60))?
-66
10 - ((24 - (-13 + (15 - -7))) + -15 - -70)
-60
What is -23 + 28 + -11 - (36 + -79)?
37
Calculate -47 + (-20 + (6 - 11 - -24) - (-8 + 1)).
-41
What is the value of (-11 - 38 - -62) + -41?
-28
Calculate -16 + -19 + 41 + 12 - (8 + 0) - 6.
4
What is the value of 46 + -2 + (-15 - 3) + 13?
39
What is the value of -8 + 30 + -23 + -10 + -99 + 6?
-104
What is the value of 29 + (-120 + 78 - -12)?
-1
What is 19 + -44 + (0 - (13 - 30)) + -11?
-19
Evaluate -101 + (-5 - (-5 - (14 - 6 - 11))) + 7.
-97
10 + 0 + -22 + 16 + -3 + 7 + -2
6
What is the value of 133 + -126 - (5 + -1 + 37)?
-34
40 + (-3 - 38) + (113 - 27)
85
7 - (16 - (-1 - -9) - (2 - -3) - -79)
-75
What is -25 + -5 + -11 - (145 - 59)?
-127
Evaluate (-2 - -48) + 5 + (-22 - (6 + -19)).
42
200 + -207 - (-3 + 5 - -34)
-43
-139 + -1 + 32320 + -32246
-66
(-18 - -1 - (422 - 507)) + 1
69
10 - 1 - (9524 - 9534)
19
-478 - -441 - (48 - 1) - 26
-110
What is the value of 35 + -14 + 11 + -124 - 10?
-102
-16 - -1 - (-2045 + 1974)
56
Evaluate 6 + 0 + -1 + 24 + 1 + (19 - 18).
31
Calculate (25 - (34 + 4 - 25)) + (2 - 0 - 28).
-14
What is 15 + -27 + 100 + 4 - (7 + -6 - 12)?
103
Calculate -1 - 37 - ((4 - (11 - (10 - 16))) + 16).
-41
What is 46 + -85 - (1 + -6 + 28 + -10 - 1)?
-51
Evaluate (2 - -24 - (6 - (-15 - -29))) + 11.
45
What is the value of 20 + -23 + -11 + 5 + 12?
3
Evaluate (32 - (85 - 35) - -168) + -39.
111
Calculate 7 + (-29 - (-49 - -31)).
-4
Calculate -31 + (-9 - (-1 - (2 - -4))) + (-7 - -19).
-21
Evaluate 107 - (24 + 97 - -69).
-83
Calculate 10 + 2 + 0 - (-7 + -20).
39
Calculate -38 + 15 + -36 + 52.
-7
Evaluate 335 + -303 + (10 - (0 + 3 + -1)).
40
What is the value of -54 + (101 - (73 - 63))?
37
Calculate 20 + (5 + -28 - -30 - -44).
71
Calculate -156 + 36 + -11 + (-28 - -1) + 22.
-136
Calculate 0 - (2 + -45) - (-38 - (-112 + 80)).
49
-3 - (92 - ((-25 - -8) + (17 - 10) - -13))
-92
Evaluate (92 - 99) + -2 + 90.
81
(20 - -1) + (-61 + -2 - (84 + -64))
-62
What is -29 - (91 + -68) - -53?
1
What is -1 + (-1 + 10 + 20 - (0 + 17))?
11
Evaluate 251 - 152 - (-4 - -6 - (-12 - -4)).
89
Calculate -17 + (7 - (2 - 37) - 4).
21
-69 + 27 + -19 - 35
-96
What is the value of 1 + -4 - 6 - (32 - 49)?
8
Calculate 29 + (13 - 35) - 42.
-35
What is 10 - (44 - 5 - ((-11 - -5) + 2))?
-33
What is (-52 - (-76 - 57)) + -183?
-102
What is (24 + 18 - 130) + (-14 - -9)?
-93
What is the value of 28 + -32 + 66 - 92?
-30
What is 5497 + -5629 - (0 + -21)?
-111
What is the value of 5 + (-5 + -26 - -25)?
-1
What is the value of (1 - 27) + (21 - -32) + -55?
-28
44 - (0 + (5 + 13 + -20 - -5))
41
What is (66 - 94 - (9 + -2)) + -2?
-37
Calculate (-80 - -99) + (1 + -12 - -17 - -88).
113
What is the value of 4 - ((0 - 2) + -18 + 563 + -551)?
12
What is the value of 46 + (0 - ((1 - 2) + 0)) + (-3340 - -3334)?
41
What is the value of -5 - -9 - -20 - (-41 - (-2 + -39))?
24
What is -5 - -74 - (6 - 2 - (-13 - 26 - -38))?
64
Calculate 31 + 2 + 4 + -2 + (-37 - 295 - -321).
24
Calculate 99 - (-9 + -13) - (0 + -5 - (20 + -31)).
115
What is the value of 67 + -73 + 3 + 4 + -3?
-2
Evaluate 35 - -55 - 41 - 7.
42
(9 - (31 - 31) - (2 + 7)) + 2 + -45
-43
8 + (-4 - -4) + 11 + -19 + 10 - -36
46
-50 + 1 + (-12 - (11 + -8 + -3))
-61
-1 - 4 - (7 - (8 - 41 - 3))
-48
Evaluate (44 + -69 - (-6 + -14)) + -29.
-34
Calculate 2 + 0 - (-6 + 12) - (-18 + -18 + 113).
-81
Evaluate (1394 - 1411) + 83 + -2 + 3 + 5.
72
What is (6 - -11) + -2 - (-586 - -679)?
-78
What is the value of -42 + (37 + -6 + -20 - (5 - (-6 + 2)))?
-40
What is the value of -5 - (13 - ((-6 - (-56 - 2)) + -2))?
32
-32 + (16 - (11 + -12))
-15
90 + -80 + (-1 - ((3 - -1) + -1 + -9))
15
Calculate (4 - 1) + (45 - (8 + 25) - 48).
-33
What is 22 - (-24 + (6 - (12 + 4)))?
56
What is the value of -14 + 16 + (-1 - 46) - (-25 + (5 - -34))?
-59
What is 348 + -402 + (2 - -52)?
0
What is 286 + -282 + 55 + 0 + 21?
80
(87 - (162 + -84)) + -57 + 5
-43
Evaluate 8 - 34 - (-32 + -27 + 50).
-17
(158 - (84 + 51)) + 13
36
(-7 - -3) + (43 + 1 - (20 - 10))
30
What is the value of -13 + 10 + (104 - (-16 + 150))?
-33
What is 47 + -26 + -9 + (-6 - -2) + (42 - -9)?
59
Evaluate 22 - (-82 + (-39 - -81)).
62
Calculate -12 - (11 - (0 + -16 + 11) - 41).
13
What is -61 + 136 + -3 + -61?
11
-29 + (-22 - (-29 - 21)) + (18 - -2)
19
What is 86 + -108 - 53 - -139?
64
What is the value of (-13 - -21) + (52 - 2) + 44 + -32?
70
(-45 - 33) + 40 + 14
-24
Calculate -42 + -20 + 0 + (28 - (1 + 14)).
-49
Evaluate (361 + -401 - (0 - 24)) + (77 - -1).
62
Evaluate -20 + (-5 - 15 - -74 - 15) + 45.
64
47 + (17 - 22 - (-3 - 2 - (2 + -3)))
46
Evaluate 0 - -11 - ((31 - -54 - 62) + -5).
-7
Calculate (-25 - (-12 + -1)) + 1 + 3 - (21 + -44).
15
What is (-1 - (-47 + 0)) + -17 + 17 + -18 + 20?
48
Calculate 8 + -2 + 1 - (682 - 675) - (2 + 0).
-2
(2 - -14 - -14) + -10 + -9 + -9
2
-109 - (-124 - (-151 + 105))
-31
(46 - 2) + -84 + 0 + 97
57
What is the value of -12 - 0 - (112 - (-7 - -89))?
-42
Calculate -6 - ((29 + -16 - -7) + -9).
-17
Calculate 0 + 0 + (8344 - 8309).
35
Evaluate (-6 + -14 - -6 - 17) + -15 - -1.
-45
Calculate (87 - -22 - -8) + (51 - 83).
85
Evaluate (-68 - (-146 - -26)) + 44.
96
What is -1 + 0 - (12 + (1 - 22) - -31)?
-23
What is the value of -5 + 8 - -37 - (781 + -831)?
90
What is -88 - -104 - (18 + -37)?
35
(-27 - (-2 + 15 - 6)) + (-7 - 3)
-44
What is -16 - (4 - 32 - (177 + -230))?
-41
Evaluate (3 - 8) + (1 - -1) + (-2067 - -2012).
-58
(53 - (6 + 45)) + -24
-22
Calculate (35 + 2 - -22) + -16.
43
What is -19 - (33 + -15 + 6 + -1 + -10)?
-32
What is the value of (40 - (180 - 12)) + 58?
-70
Calculate 39 + (-12 - (13 + (-18 - -15) + -6)).
23
Evaluate 18 - (250 + -261 + (1 - (1 + -9 + 1))).
21
-21 + 32 + -69 + 115
57
What is the value of (3 - 4) + 59 + 24 + 6 + -16?
72
(49 - (-10 + 25 + 9)) + -10
15
-7 - (1 - 7) - (1 + 0 + 187 + -181)
-8
Evaluate -2 + -19 + 1 - (-5284 - -5315).
-51
-5 + -23 - (2 + -2) - (2 + 0)
-30
What is the value of -44 + -10 + 39 + (9 - 40)?
-46
(122 - (-11 + 21)) + (23 - (-19 + 61))
93
Calculate (402 - 344) + 1 + -4.
55
Calculate (36 - -21) + 4 + -5 + 38 + -38.
56
Calculate 2 + 26 + -22 + (57 - 56) + 14.
21
What is the value of -1069 + 1053 - (3 + -2 + -23)?
6
What is the value of -44 + 58 - (-8 - (-5 + -2))?
15
What is (39 - -7) + -78 + 19?
-13
Evaluate -40 + (3 - (-15 - -15)) + 10.
-27
-11 + -32 - (-3 - (11 + 7))
-22
Calculate (25 - (3 - 44)) + -53.
13
Evaluate 12 + -76 - (200 + -276).
12
What is 8 + 11 - (-586 - -533)?
72
Evaluate (7 - (13 + -3) - -5) + -33 + 24.
-7
What is the value of (-12 - 62 - -95) + (0 - 35) - (3 + 2)?
-19
Calculate 24 + 300 + -295 + 1 + -24.
6
What is -57 - (11 + 20 - 112)?
24
What is 66 + (1 - 0) + -22 + 47 + 16 + -39?
69
Calculate (23 - 5) + 32 - -23 - 39.
34
Evaluate -69 + 2 + (-189 - (-47 + -140)).
-69
Calculate (1 + 3 - -2) + (-19 + 8 - -9) + -111.
-107
What is (-8 - (-38 + -14)) + (3 - 0 - -9)?
56
(7 - (8 - 0) - (-2 - 10)) + 45
56
Calculate (9 - (34 - (4 + 29 + -40))) + (-12 - -1).
-43
Calculate -18 + (189 - 192 - (0 - 0)).
-21
Evaluate 143 + -166 - (10 + -19).
-14
What is the value of -41 - 1 - (-306 - -339)?
-75
Evaluate (-137 + 122 - (1 + -3)) + (39 - 60).
-34
Evaluate (-116 - 76) + 20 - -90.
-82
What is -4 + (-11 - 3 - -4) + 39 - (-1 - -4)?
22
Evaluate 60 + (-18 - 0 - (31 - 21)).
32
Calculate 10 - 14 - (1 - (7 - 10)).
-8
What is the value of 41 + -3 - (-85 - (-142 - 16))?
-35
9 + (-29 - 10 - -21) + 14
5
What is the value of (-54 - -46 - (5 - (28 + -4))) + 37?
48
What is -11 - (-9 + 0 - (-51 + 13 + 33)) - -65?
58
4 + (267 + -75 - 97)
99
-1 + (1 - -8) 